{"id":192,"date":"2020-07-25T00:23:25","date_gmt":"2020-07-25T00:23:25","guid":{"rendered":"https:\/\/systemcali.edu.co\/?page_id=192"},"modified":"2025-11-24T14:57:30","modified_gmt":"2025-11-24T19:57:30","slug":"asistencia_soporte_de_tecnologias","status":"publish","type":"page","link":"https:\/\/systemcali.edu.co\/portal\/asistencia_soporte_de_tecnologias\/","title":{"rendered":"T\u00e9cnico Laboral en Asistencia y Soporte de Tecnolog\u00edas de la Informaci\u00f3n"},"content":{"rendered":"","protected":false},"excerpt":{"rendered":"","protected":false},"author":1,"featured_media":0,"parent":0,"menu_order":0,"comment_status":"closed","ping_status":"closed","template":"","meta":{"footnotes":""},"class_list":["post-192","page","type-page","status-publish","hentry"],"_links":{"self":[{"href":"https:\/\/systemcali.edu.co\/portal\/wp-json\/wp\/v2\/pages\/192","targetHints":{"allow":["GET"]}}],"collection":[{"href":"https:\/\/systemcali.edu.co\/portal\/wp-json\/wp\/v2\/pages"}],"about":[{"href":"https:\/\/systemcali.edu.co\/portal\/wp-json\/wp\/v2\/types\/page"}],"author":[{"embeddable":true,"href":"https:\/\/systemcali.edu.co\/portal\/wp-json\/wp\/v2\/users\/1"}],"replies":[{"embeddable":true,"href":"https:\/\/systemcali.edu.co\/portal\/wp-json\/wp\/v2\/comments?post=192"}],"version-history":[{"count":5,"href":"https:\/\/systemcali.edu.co\/portal\/wp-json\/wp\/v2\/pages\/192\/revisions"}],"predecessor-version":[{"id":11594,"href":"https:\/\/systemcali.edu.co\/portal\/wp-json\/wp\/v2\/pages\/192\/revisions\/11594"}],"wp:attachment":[{"href":"https:\/\/systemcali.edu.co\/portal\/wp-json\/wp\/v2\/media?parent=192"}],"curies":[{"name":"wp","href":"https:\/\/api.w.org\/{rel}","templated":true}]}}